en 359 is divided by h.
29
Suppose 10*i - 4*s = 6*i + 856, -2*i + 433 = -s. What is the remainder when i is divided by 59?
42
Let y = 287 - 275. Calculate the remainder when 21 is divided by y.
9
Let j(s) = -s**3 - 14*s**2 + 33*s + 40. Calculate the remainder when -2 + -2 + 153/3 is divided by j(-16).
23
Let m(k) = -10*k - 12. Calculate the remainder when 143 is divided by m(-3).
17
Suppose 4*p - 43 = a, p = -0*p - 5*a + 16. Suppose 39 = -10*l + p*l. What is the remainder when 116 is divided by l?
38
Let a(o) = o**3 + 2*o**2 - 3*o - 3. Let b be a(-3). Let t be (b/2)/(9/(-552)). Suppose 3*m - t = -m. Calculate the remainder when 44 is divided by m.
21
Let m(l) = 3*l**2 + l + 13. Suppose 5*c - 28 = -2*c. Suppose 5*i + 3*v - 110 = 0, i - 15 = -2*v + 7. Calculate the remainder when m(c) is divided by i.
21
Suppose 2*f + 3*a = 20, 2*f - a = f. Suppose 5*l + 5*p - 173 = l, f*p = -l + 35. Let n(t) = t**2 - 3*t + 3. What is the remainder when l is divided by n(5)?
8
Let x(o) = 36*o - 29. What is the remainder when x(4) is divided by 40?
35
Let p be (-4 - 65/(-15)) + 11/3. Suppose -13*m + p*m = -198. What is the remainder when 60 is divided by m?
16
Suppose 5*j - 191 = 3*f, -3*f - 47 = -j + 2*f. What is the remainder when ((-4)/((-12)/(-20046)*13))/(0 + -2) is divided by j?
35
Suppose -3*v - 145 = -o, 2*o + 4*v - 1 - 269 = 0. What is the remainder when o is divided by 10?
9
Let u(l) = l**2 - 3*l + 5. Let n be u(4). Suppose n + 17 = 2*y. What is the remainder when -5 - 63*8/(-12) is divided by y?
11
Calculate the remainder when 633 is divided by (-1045)/(-20) - ((-3)/(-4))/(-1).
50
Let u = -24 + 12. What is the remainder when (-1 + 40)/(-1 - 21/u) is divided by 14?
10
What is the remainder when 60 is divided by -204*(-6)/60 + (-4)/10?
0
Suppose -9 = 3*y, -y - 20 = -2*w + 127. Let g = -14 + 52. What is the remainder when w is divided by g?
34
Let b = -293 - -366. What is the remainder when b is divided by ((-380)/8)/5*-2?
16
Suppose -2*s - 2*s + q = -94, -79 = -3*s + 5*q. Suppose -12 = -3*f + 6. Let y = s + f. Calculate the remainder when y is divided by 10.
9
Let l = 415 - 349. What is the remainder when 394 is divided by l?
64
Suppose z + 23 = -3*x - 3*z, -2*z = 2*x + 18. Let n = x + 17. What is the remainder when 4 is divided by n?
0
Let w(k) = -3*k + 50. Let r be w(17). Let j(l) = 34*l**2 - 3*l - 3. What is the remainder when j(r) is divided by 18?
16
Let u(i) = -i**3 + 4*i**2 + 7*i - 1. Let q be (3/6)/(1/10). Calculate the remainder when u(q) is divided by 6/24 + (-11)/(-4).
0
Let r = 5 + 0. Suppose 5*i + s = 4*s + 42, r*i + 2*s - 47 = 0. Let f = -56 - -61. Calculate the remainder when i is divided by f.
4
Suppose m = 3*l + 49, -4*m + 9*l = 8*l - 218. Calculate the remainder when m is divided by 14.
13
Let k(f) = -3*f**2 - 38*f + 13. Calculate the remainder when k(-12) is divided by 20.
17
Let f(j) = j + 15. What is the remainder when f(14) is divided by 8?
5
Let n = 1017 + -619. What is the remainder when n is divided by 15?
8
Let w = -327 + 362. Calculate the remainder when w is divided by 12.
11
Calculate the remainder when -3*((-2852)/(-155))/(3/(-5)) is divided by 24.
20
Let c = -636 + 737. Calculate the remainder when c is divided by 15.
11
Suppose -184*a + 1010 = -174*a. Calculate the remainder when a is divided by 30.
11
Suppose 445 = 11*l - 303. Calculate the remainder when l is divided by 38.
30
Let y = -228 - -232. Suppose 3*i = 6*i - 12, 3*h = 3*i - 6. Calculate the remainder when y is divided by h.
0
Let i be 2/4*(52 - -2). Let h = 31 - i. Calculate the remainder when 9 is divided by h.
1
Let x be 12/(-15)*(-935)/2. Suppose -x + 140 = -2*a. What is the remainder when a is divided by 17?
15
Let g(j) = j**2 - j + 4. Let n = 0 - -1. Let a = n + 3. What is the remainder when g(-2) is divided by a?
2
Let q(z) = -z + 2. Let m be q(-13). Let x = 48 - m. Suppose -5*k + 32 = -x. What is the remainder when 24 is divided by k?
11
Suppose 92*p - 1472 = 28*p. Calculate the remainder when 61 is divided by p.
15
Suppose -135 = 5*m + 3*l + 2*l, -5*m + l - 159 = 0. Let h = 45 + m. What is the remainder when 40 is divided by h?
12
Let u(c) = 4*c**2 + 3*c + 3. Let d be 1*10*3/(-6). Suppose 0 = 7*a + 1839 - 2049. Calculate the remainder when u(d) is divided by a.
28
Suppose 3*g - 2 = -5*l - 9, -2*l = 3*g + 10. Calculate the remainder when g/(-6)*(-294)/(-4) is divided by 4.
1
Suppose -3*b + 42 - 6 = 0. Let a = b + -10. Suppose 7*q - a*q + 5*l = 60, -2*q + l = -39. Calculate the remainder when 49 is divided by q.
15
Suppose 0 = -13*s + 12*s + 2. Suppose 5*l = -s + 52. Calculate the remainder when 67 is divided by l.
7
Suppose -2*a - 8 = -4*q, 5*a - a - 10 = -5*q. Suppose -158 = -3*x - u, -x + 31 = -q*u - 10. What is the remainder when x is divided by 180/7 - 14/(-49)?
25
Let m = 1614 - 1570. What is the remainder when 250 is divided by m?
30
Let r(l) = l**3 - 14*l**2 - l + 8. Let x = 20 - 6. Let s be r(x). What is the remainder when 14 is divided by ((-25)/15)/(2/s)?
4
Let m(z) = -z**2 + 10*z - 20. Let f be m(6). Suppose 9*n - f*n = 55. What is the remainder when n is divided by 7?
4
Let l(j) be the first derivative of -j**3/3 - 9*j**2/2 - 5*j + 20. Suppose 2 = 2*k, 5*y - 19 + 1 = -3*k. What is the remainder when l(-8) is divided by y?
0
Let p be 0 + 2/(-7) - 912/(-7). Suppose 3*f = -3*b + 189, 4*f = b - 3*b + p. Calculate the remainder when b is divided by 21.
19
Suppose -4*l + 4 = -28. Let z(j) = 2*j**2 - 3. Let t be z(-2). Suppose -2*a + 20 = t*r - 50, 5*a - 142 = 4*r. Calculate the remainder when a is divided by l.
6
Let a(l) = l**2 + 7*l - 133. Calculate the remainder when a(-16) is divided by 8.
3
Let w = -30 + 33. Let r(g) = g**3 + 4*g**2 - 3*g - 4. Calculate the remainder when 147 is divided by r(w).
47
Let d(m) = 4*m - 9. What is the remainder when d(16) is divided by 28/(-6)*(-3)/2?
6
Let b(w) = 5*w - 1. Let u(k) = 93*k - 54. Calculate the remainder when u(1) is divided by b(3).
11
Suppose 4*t = -z + 20, -3*z - 3*t = 2*z - 32. What is the remainder when (-3)/z*(-1 - 75) is divided by 30?
27
Suppose 5*n - 20*c + 25*c = 95, -5*c + 75 = 4*n. What is the remainder when 51 is divided by n?
11
Suppose -3*w - 42 = -4*n, 4*w + 3 = 5*n - 50. Calculate the remainder when 96 is divided by n.
6
Let a(l) = 2*l - 3*l - 21*l**2 + 23*l**2. Calculate the remainder when a(3) is divided by 6.
3
Suppose i - 95 = -4*l, l + i = 17 + 6. Calculate the remainder when l is divided by 8.
0
Let w = -24 + 34. Let k = -21 - -58. Let q = 2 + k. Calculate the remainder when q is divided by w.
9
Let m(w) = -w**2 + 12*w + 4. Let d(h) = 2*h**2 - 8*h + 6. What is the remainder when m(9) is divided by d(5)?
15
Suppose -3*l + 20 = -i, -4*l - 28 = -6*l - 3*i. Suppose -25 - 455 = -l*n. Calculate the remainder when n is divided by 13.
8
Let n = 1783 + -1028. What is the remainder when n is divided by 23?
19
Suppose i - 152 = -i + d, 4*i - 296 = 4*d. Let t = -2 + 0. Let r = 18 - t. What is the remainder when i is divided by r?
18
Let o(n) = 21*n + 58. What is the remainder when o(5) is divided by 83?
80
Let m be (0/(-5))/(4/2). Suppose 3*t + m*t = 12. Suppose 9 = -6*h + 51. Calculate the remainder when h is divided by t.
3
Let h(c) = -6*c + 22. Let s be h(-10). Let y = s - 73. Calculate the remainder when 133 is divided by y.
7
Let r = 7 - 16. Let u(q) = 3*q - 17. Let a be u(6). Calculate the remainder when 27 + (r/(-3) - a) is divided by 10.
9
Let f(o) = -8*o - 7. Let s(b) = 12*b - 4. Let v be s(1). What is the remainder when f(-7) is divided by (-1)/(2/(-22)) + v/4?
10
Suppose 46 = 3*f + 5*c + 12, -2*c + 24 = 2*f. Let d(y) = y**3 - 12*y**2 - 10*y - 22. What is the remainder when d(f) is divided by 4?
1
Suppose -z + 16 = 15*z. What is the remainder when z is divided by 1?
0
Suppose -t - c - 32 = 3, -5*t - 175 = -2*c. Let p be (-10)/t + (-426)/21. Let r = p - -61. Calculate the remainder when r is divided by 21.
20
Let w be (-1)/(-4) - (-19)/4. What is the remainder when (0 + 0 + 1)*(-108)/(-12) is divided by w + 2 + (1 - 2)?
3
Let w(l) = 7*l**2 - 8*l + 23. Let d be w(4). Let y = d - 92. Let r = -2 + 7. What is the remainder when y is divided by r?
1
Let a(x) = x**2 - 23*x - 41. Let h be a(26). Suppose b = -2*z + h, 16*b - 86 = 13*b - z. What is the remainder when 67 is divided by b?